{"id":76,"date":"2019-07-14T11:18:54","date_gmt":"2019-07-14T11:18:54","guid":{"rendered":"http:\/\/beautyconhair.de\/?page_id=76"},"modified":"2019-07-14T11:30:25","modified_gmt":"2019-07-14T11:30:25","slug":"kosmetik-gabriele-bremser","status":"publish","type":"page","link":"https:\/\/beautyconhair.de\/?page_id=76","title":{"rendered":"Kosmetik Gabriele Bremser"},"content":{"rendered":"\n<p><strong>Classic Beauty \u2013 Programme<\/strong><\/p>\n\n\n\n<p>Alle Beauty &#8211; Programme (Classic \/ Special \/ Erlebnis)\nerstrecken sich \u00fcber Gesicht, Hals und Dekollet\u00e9 und werden mit den zum\njeweiligen Hautzustand passenden Pflegeprodukten durchgef\u00fchrt. Sie d\u00fcrfen sich\nfreuen auf:<\/p>\n\n\n\n<p>Eine ausf\u00fchrliche Hautdiagnose mit Erstellung Ihres\npers\u00f6nlichen Pflegeplanes<br>\nEine vorbereitende Hautreinigung<br>\nEine schonende Tiefenreinigung<br>\nDie Korrektur der Augenbrauen<br>\nWimpern und Brauen f\u00e4rben<br>\nDas Entfernen von Hautunreinheiten<br>\nEin intensives Ampullen-Konzentrat<br>\nEine herrliche Massage<br>\nEine Maske inklusive Lippencreme<br>\nDie abschlie\u00dfende Tagespflege<br>\nUnd als letzten \u201eTouch\u201c auf Wunsch eine kleines Makeup<\/p>\n\n\n\n<p><strong>Sie haben die Wahl:<\/strong><\/p>\n\n\n\n<p>1. Balance &#8211; Pflege &#8211; Programm \/ bei trockener Haut<br>2. Anti &#8211; Stress &#8211; Pflege &#8211; Programm \/ bei sensibler Haut<br>3. Harmonie &#8211; Pflege &#8211; Programm \/ bei Couperose<br>4. Derma &#8211; Clean &#8211; Pflege &#8211; Programm \/ bei unreiner Haut<br>5. Normalisierungs &#8211; Pflege &#8211; Programm \/ bei fettiger Haut und Mischhaut<br>6. Energy &#8211; Pflege &#8211; Programm \/ bei kraftloser, aktivierungsbed\u00fcrftiger Haut<br><br><br><strong>Special Beauty-Programme<\/strong><br><br>Vlies-Behandlungen<br>Fruchts\u00e4urebehandlungen<br><br><strong>Body Beauty \u2013 Programme<\/strong><\/p>\n\n\n\n<p>Hier wird alles getan um Ihren K\u00f6rper fit, in Form und sch\u00f6n\nzu erhalten. Sei es mit innovativen Produkten, abwechslungsreichen\nBehandlungen, wohltuenden Aroma &#8211; Massagen.<\/p>\n\n\n\n<p><strong>Wellness- und Harmoniebehandlungen<\/strong><\/p>\n\n\n\n<p><strong>Soin d\u2019Arome<\/strong><\/p>\n\n\n\n<p>Wellness f\u00fcr Haut und Seele. Nutzen Sie die Lebenskraft\n\u00e4therischer \u00d6le und erleben Sie die Macht der Marma &#8211; Massage f\u00fcr Ihr\npers\u00f6nliches Wohlbefinden.<\/p>\n\n\n\n<p>\u00dcber die vielf\u00e4ltigen M\u00f6glichkeiten informieren wir Sie gerne n\u00e4her.<br><\/p>\n\n\n\n<p><strong>Fu\u00dfpflege &#8211; Programme<\/strong><\/p>\n\n\n\n<p>Erleben Sie selbst, was unser Angebot so unvergleichbar\nmacht:<\/p>\n\n\n\n<p>Fu\u00dfpflege mit erfrischendem Peeling, wohltuender Massage,\nentspannendem Sprudelbad, belebender Maske und auf Wunsch mit Lack.<\/p>\n\n\n\n<p>Stellen Sie sich Ihr ganz pers\u00f6nliches Programm zusammen,\ndamit Sie wie auf Wolken gehen.<\/p>\n\n\n\n<p><strong>Manik\u00fcre<\/strong><\/p>\n\n\n\n<p>Mit Lack &#8211; einer wohltuenden Massage &#8211; und mit einer\nHautstruktur verbessernden<br>\nHandpackung.<\/p>\n\n\n\n<p>Jetzt auch neu f\u00fcr F\u00fc\u00dfe und Beine! Druckpunkt &#8211;\nK\u00f6rpermassage aus dem tibetischen Ayurveda<\/p>\n\n\n\n<p>Neue Energie plus innere Harmonie. Hierzu gibt es nat\u00fcrlich\nein ausf\u00fchrliches Beratungsgespr\u00e4ch.<\/p>\n\n\n\n<p><br><br><br><\/p>\n","protected":false},"excerpt":{"rendered":"<p>Classic Beauty \u2013 Programme Alle Beauty &#8211; Programme (Classic \/ Special \/ Erlebnis) erstrecken sich \u00fcber Gesicht, Hals und Dekollet\u00e9 und werden mit den zum jeweiligen Hautzustand passenden Pflegeprodukten durchgef\u00fchrt. Sie d\u00fcrfen sich freuen auf: Eine ausf\u00fchrliche Hautdiagnose mit Erstellung Ihres pers\u00f6nlichen Pflegeplanes Eine vorbereitende Hautreinigung Eine schonende Tiefenreinigung Die Korrektur der Augenbrauen Wimpern und &hellip; <\/p>\n<p class=\"link-more\"><a href=\"https:\/\/beautyconhair.de\/?page_id=76\" class=\"more-link\"><span class=\"screen-reader-text\">\u201eKosmetik Gabriele Bremser\u201c<\/span> weiterlesen<\/a><\/p>\n","protected":false},"author":1,"featured_media":78,"parent":0,"menu_order":0,"comment_status":"closed","ping_status":"closed","template":"","meta":{"footnotes":""},"class_list":["post-76","page","type-page","status-publish","has-post-thumbnail","hentry"],"_links":{"self":[{"href":"https:\/\/beautyconhair.de\/index.php?rest_route=\/wp\/v2\/pages\/76","targetHints":{"allow":["GET"]}}],"collection":[{"href":"https:\/\/beautyconhair.de\/index.php?rest_route=\/wp\/v2\/pages"}],"about":[{"href":"https:\/\/beautyconhair.de\/index.php?rest_route=\/wp\/v2\/types\/page"}],"author":[{"embeddable":true,"href":"https:\/\/beautyconhair.de\/index.php?rest_route=\/wp\/v2\/users\/1"}],"replies":[{"embeddable":true,"href":"https:\/\/beautyconhair.de\/index.php?rest_route=%2Fwp%2Fv2%2Fcomments&post=76"}],"version-history":[{"count":1,"href":"https:\/\/beautyconhair.de\/index.php?rest_route=\/wp\/v2\/pages\/76\/revisions"}],"predecessor-version":[{"id":79,"href":"https:\/\/beautyconhair.de\/index.php?rest_route=\/wp\/v2\/pages\/76\/revisions\/79"}],"wp:featuredmedia":[{"embeddable":true,"href":"https:\/\/beautyconhair.de\/index.php?rest_route=\/wp\/v2\/media\/78"}],"wp:attachment":[{"href":"https:\/\/beautyconhair.de\/index.php?rest_route=%2Fwp%2Fv2%2Fmedia&parent=76"}],"curies":[{"name":"wp","href":"https:\/\/api.w.org\/{rel}","templated":true}]}}

<p><strong>Classic Beauty – Programme</strong></p>



<p>Alle Beauty &#8211; Programme (Classic / Special / Erlebnis)
erstrecken sich über Gesicht, Hals und Dekolleté und werden mit den zum
jeweiligen Hautzustand passenden Pflegeprodukten durchgeführt. Sie dürfen sich
freuen auf:</p>



<p>Eine ausführliche Hautdiagnose mit Erstellung Ihres
persönlichen Pflegeplanes<br>
Eine vorbereitende Hautreinigung<br>
Eine schonende Tiefenreinigung<br>
Die Korrektur der Augenbrauen<br>
Wimpern und Brauen färben<br>
Das Entfernen von Hautunreinheiten<br>
Ein intensives Ampullen-Konzentrat<br>
Eine herrliche Massage<br>
Eine Maske inklusive Lippencreme<br>
Die abschließende Tagespflege<br>
Und als letzten „Touch“ auf Wunsch eine kleines Makeup</p>



<p><strong>Sie haben die Wahl:</strong></p>



<p>1. Balance &#8211; Pflege &#8211; Programm / bei trockener Haut<br>2. Anti &#8211; Stress &#8211; Pflege &#8211; Programm / bei sensibler Haut<br>3. Harmonie &#8211; Pflege &#8211; Programm / bei Couperose<br>4. Derma &#8211; Clean &#8211; Pflege &#8211; Programm / bei unreiner Haut<br>5. Normalisierungs &#8211; Pflege &#8211; Programm / bei fettiger Haut und Mischhaut<br>6. Energy &#8211; Pflege &#8211; Programm / bei kraftloser, aktivierungsbedürftiger Haut<br><br><br><strong>Special Beauty-Programme</strong><br><br>Vlies-Behandlungen<br>Fruchtsäurebehandlungen<br><br><strong>Body Beauty – Programme</strong></p>



<p>Hier wird alles getan um Ihren Körper fit, in Form und schön
zu erhalten. Sei es mit innovativen Produkten, abwechslungsreichen
Behandlungen, wohltuenden Aroma &#8211; Massagen.</p>



<p><strong>Wellness- und Harmoniebehandlungen</strong></p>



<p><strong>Soin d’Arome</strong></p>



<p>Wellness für Haut und Seele. Nutzen Sie die Lebenskraft
ätherischer Öle und erleben Sie die Macht der Marma &#8211; Massage für Ihr
persönliches Wohlbefinden.</p>



<p>Über die vielfältigen Möglichkeiten informieren wir Sie gerne näher.<br></p>



<p><strong>Fußpflege &#8211; Programme</strong></p>



<p>Erleben Sie selbst, was unser Angebot so unvergleichbar
macht:</p>



<p>Fußpflege mit erfrischendem Peeling, wohltuender Massage,
entspannendem Sprudelbad, belebender Maske und auf Wunsch mit Lack.</p>



<p>Stellen Sie sich Ihr ganz persönliches Programm zusammen,
damit Sie wie auf Wolken gehen.</p>



<p><strong>Maniküre</strong></p>



<p>Mit Lack &#8211; einer wohltuenden Massage &#8211; und mit einer
Hautstruktur verbessernden<br>
Handpackung.</p>



<p>Jetzt auch neu für Füße und Beine! Druckpunkt &#8211;
Körpermassage aus dem tibetischen Ayurveda</p>



<p>Neue Energie plus innere Harmonie. Hierzu gibt es natürlich
ein ausführliches Beratungsgespräch.</p>



<p><br><br><br></p>

<p>Classic Beauty – Programme Alle Beauty &#8211; Programme (Classic / Special / Erlebnis) erstrecken sich über Gesicht, Hals und Dekolleté und werden mit den zum jeweiligen Hautzustand passenden Pflegeprodukten durchgeführt. Sie dürfen sich freuen auf: Eine ausführliche Hautdiagnose mit Erstellung Ihres persönlichen Pflegeplanes Eine vorbereitende Hautreinigung Eine schonende Tiefenreinigung Die Korrektur der Augenbrauen Wimpern und &hellip; </p>
<p class="link-more"><a href="https://beautyconhair.de/?page_id=76" class="more-link"><span class="screen-reader-text">„Kosmetik Gabriele Bremser“</span> weiterlesen</a></p>
